x. What is the greatest common divisor of x and o?
18
Let w be (-37)/2 + (-1)/(-2). Let d be w/2*(1 + -2). Suppose 6804 = 153*l - 45*l. Calculate the greatest common factor of d and l.
9
Let h = 7781 + -7691. What is the highest common factor of 1665 and h?
45
Suppose -19 + 185 = 42*w + 41*w. Let a be 22/165 + (-1496)/(-30). Calculate the highest common divisor of a and w.
2
Let x be ((-6)/5)/((-51)/11050). Suppose -2*i + 0*g + x = -g, -5*i = -4*g - 647. Let t = 222 - i. Calculate the highest common factor of t and 13.
13
Let c be (-5 + (55 - 0))*30/25. What is the greatest common divisor of c and 2520?
60
Let m = -11 + 10. Let v be (-588)/(-14) + (m*4 - 0). Calculate the highest common divisor of 114 and v.
38
Let g = -9 - -6. Let n be (g + 0)*4*(-21)/28. Suppose -n*a + 4*a + 225 = 0. What is the highest common factor of 225 and a?
45
Suppose -21 = -2*k - 3. Suppose 5*l - 5*a - 535 = 0, -3*l + k*a - 8*a = -323. What is the highest common divisor of l and 36?
36
Let r be (3 + -5)*(-2)/(-8)*-8 - -1959. Calculate the highest common factor of 13 and r.
13
Let y be (-17*(-243)/1836)/(2 + 1006/(-504)). Calculate the greatest common divisor of 28 and y.
7
Suppose 0 = 3*a - 15, 18*a = 5*z + 14*a - 505. Calculate the greatest common factor of z and 2940.
105
Let c(r) = 70*r**2 - 25*r - 77. Let s(j) = 33*j**2 - 13*j - 38. Let z(x) = -6*c(x) + 13*s(x). Let w be z(-6). What is the greatest common factor of w and 14?
14
Let l(t) = -27*t + 6893. Let b be l(107). Calculate the highest common divisor of b and 156.
52
Let b(k) = k**3 + 30*k**2 + 14*k + 35. Let z be b(-29). Let d = -457 + z. Calculate the greatest common divisor of d and 325.
13
Let n(u) = -2*u**3 - 13*u**2 + 89*u - 47. Let p be n(-14). Calculate the greatest common factor of p and 305.
61
Suppose 3*p - 2*p = 5*b - 122, 4*b = -5*p + 115. Suppose 0 = 3*s - 2*o + 5, -64*o = 2*s - 63*o - 6. What is the highest common factor of b and s?
1
Let x be 3136/4 + 4*45/(-36). Calculate the greatest common divisor of 123 and x.
41
Suppose -9 = 5*u + 2*w, w + 2 = -0. Let p be (-611)/(-4) - 5 - u/4. Suppose 199 = 5*z + c - p, z - 64 = -2*c. What is the greatest common factor of z and 14?
14
Let v be -160 + -6*(44/12 - 3). Let j = 173 + v. Let f = 3 - -6. Calculate the greatest common factor of f and j.
9
Suppose -7*t + t = -20328. Calculate the highest common divisor of 14 and t.
14
Let f(y) = 229*y**2 + y + 67. Let o be f(-6). Calculate the greatest common factor of 55 and o.
55
Let u = 469 + -848. Let d = 41 - u. What is the highest common divisor of 40 and d?
20
Let m(n) = -3*n - 40. Let v be m(-14). Suppose 5*k - 288 - 99 = -v*c, 5*k + 3*c = 388. What is the highest common factor of k and 308?
77
Suppose 6*c - 647 = -15*c - 395. What is the greatest common factor of 12096 and c?
12
Let o be 1/(-4) + 399/12. Let j(q) = -q**3 - 17*q**2 + 235*q + 35. Let p be j(9). What is the highest common factor of p and o?
11
Let f be (377/(-52) + 3)*-16. What is the greatest common divisor of f and 2?
2
Let i(m) = 46*m**2 - 2*m - 1. Let u be i(-1). Let c = -25 + u. Calculate the greatest common factor of c and 99.
11
Suppose 0 = -18*w - 296 + 1556. Calculate the greatest common divisor of 7070 and w.
70
Let i = -209 + 214. Suppose -4*s - 2*y = -106, -5*s + i*y + 90 = -65. What is the greatest common factor of 21 and s?
7
Let a(j) = -j**2 - 113*j - 1844. Let u be a(-93). Calculate the highest common factor of u and 2048.
16
Let v(w) = w - 20. Let i be v(13). Let r(h) = -28*h - 173. Let u be r(i). Calculate the highest common divisor of 184 and u.
23
Let k(j) = -15*j - 25. Let f be k(-13). What is the highest common divisor of 221 and f?
17
Suppose 2*w + 3*x = 192, 1939*x - 93 = -w + 1936*x. What is the highest common factor of w and 24552?
99
Let t(o) = 2*o - 12. Let k be t(5). Let z be (-8)/(-10)*5/2 + k. Suppose -h - l = -z*h - 2, 3*h + 5*l + 2 = 0. Calculate the highest common divisor of h and 8.
2
Suppose 78*m - 20*m + 13680 = 514*m. Let x = -12 - -87. Calculate the highest common factor of m and x.
15
Suppose 5*h = -2*g + 43, h + 13 = 2*g - 0. Suppose -175 = -46*z + g. What is the greatest common factor of z and 13?
1
Let n be 1 + 0 + -2*13/2. Let t be 2*((-24)/n)/(4/34). Let r be 1/6 + 915/18. Calculate the greatest common factor of r and t.
17
Suppose v + 5*x = 44, -2*v + 3*x + 12 = -24. Let j be 6*(-5 + (-36)/(-8)). Let o be v - ((-6)/(-2) + j). Calculate the greatest common factor of o and 6.
6
Let z be (0 - (-9 + -90)) + 1. Suppose -9*k = -190 + z. Suppose 0 = 2*r - 113 + 13. What is the highest common factor of k and r?
10
Suppose 3*h - 193 = -5*v + 47, -87 = -h - 4*v. Calculate the greatest common divisor of h and 420.
15
Let q = 3488 - 3362. Calculate the greatest common factor of 306 and q.
18
Let h(j) = -10*j - 93. Let f be h(7). Let b = 258 + f. Calculate the greatest common divisor of 19 and b.
19
Let u be -2 + 14 - 7 - -64. Suppose n - u = -3. Calculate the greatest common divisor of 99 and n.
33
Let u = 27 + 13. Suppose -r - 7*z + 2*z + 65 = 0, -5*r - z = -301. Calculate the highest common factor of u and r.
20
Let n(z) = -z**2 - z + 14. Let r be n(3). Suppose 4*d - 72 = -0*g + r*g, 2*g = -4*d + 88. Calculate the greatest common factor of d and 260.
20
Let n(u) = u**2 + 4*u + 1. Let z be n(-5). Suppose -69 = -o - z. Suppose -14 = -j - j. Calculate the highest common factor of j and o.
7
Suppose 50619*s + 4242 = 50626*s. What is the greatest common divisor of 150 and s?
6
Let d(u) = 3*u**3 + 27*u**2 + 12*u - 38. Let t be d(-8). Calculate the highest common factor of t and 4814.
58
Let m = -45 + 49. Suppose -5*l + 218 = -m*r, -l + 172 = 3*l - 4*r. Calculate the highest common factor of l and 184.
46
Suppose -3*b + 8*b - 10 = 0, 7*x = 2*b + 20604. What is the greatest common divisor of 64 and x?
64
Suppose 3613 = 20*b + 1153. Suppose -b = -75*n + 72*n. What is the highest common divisor of n and 205?
41
Suppose -4*b + 822 + 941 = 5*i, -5*i + 1759 = 2*b. What is the highest common divisor of i and 7488?
117
Let f(t) = t**3 + 42*t**2 - t - 34. Let s be f(-42). Calculate the highest common divisor of 204 and s.
4
Let r be (-44)/(-132) - 22/(-6). Let x(t) = 3 + 11*t**2 - 10*t**2 - 1 + 18*t**2 - t. Let y be x(1). Calculate the highest common factor of y and r.
4
Let k(c) = -4*c**3 - 3*c**2 - 2*c + 3. Let o be 11 + -10 + -3 + -1 + 1. Let t be k(o). Let b = -20 + t. What is the greatest common divisor of 77 and b?
7
Let a(s) = -2*s**3 - 7*s**2 - 24*s - 4. Let n be a(-4). Suppose -z + 2*i + 64 = 0, z - i - 58 = -2*i. What is the highest common factor of z and n?
12
Suppose -4*j + 2*j = 0. Suppose l - 5*l + u = -128, -l + u + 29 = j. Let v be -10 - (-242 + 3) - -2. Calculate the highest common divisor of v and l.
33
Let w = -325 - -139. Let j = 551 + w. Suppose 2*r + r - 3*u - 357 = 0, -j = -3*r - 5*u. What is the greatest common divisor of r and 15?
15
Let u be (-24)/2*(2695/(-14))/5. What is the greatest common factor of 126 and u?
42
Let z(f) = f + 4. Let y be z(1). Suppose -y*b = -13*b + 88. Let k(x) = -x**2 + 13*x - 5. Let s be k(b). What is the greatest common factor of s and 68?
17
Suppose -102*n + 93*n + 2853 = 0. Suppose -5*l = 4*u - n, 88 = 5*l - 4*u - 245. Calculate the highest common divisor of 715 and l.
65
Let o = -2645 - -4037. What is the highest common divisor of 96 and o?
48
Suppose -3*z + 2*z + 192 = 0. Suppose -2*t = 7*t - 135. Suppose 0 = 3*f - t, 3*y - 8*y + 110 = -2*f. Calculate the highest common divisor of y and z.
24
Let z = -10738 - -11818. What is the highest common divisor of 920 and z?
40
Suppose 106*n - 322 = 99*n - 5*b, 2*b = -n + 64. Let x(j) = j**3 - j**2 + 84. Let a be x(0). Calculate the highest common factor of a and n.
12
Suppose -b - 9474 = -17*v + 7*v, v - 978 = -5*b. What is the highest common factor of v and 72?
12
Let l(w) = -4*w - 48. Let y be l(-13). Suppose 3*i + 4*j = 108, i = -4*i + 2*j + 180. What is the greatest common factor of y and i?
4
Let s = 3786 + 2272. What is the greatest common divisor of 78 and s?
26
Suppose 0 = -3*r + 5 - 2. Let v be -41*(-6 + 4 + r). Suppose v*n = 43*n - 8. Calculate the greatest common factor of n and 44.
4
Suppose -381*j = -333*j - 576. What is the highest common factor of 1464 and j?
12
Suppose 0 = -u - 2, 4*x + 0*x + 3*u + 18